e?
True
Is 107162465 a composite number?
True
Is 114990479 prime?
True
Is 16319003 composite?
False
Is 32364659 a composite number?
True
Is 2733253 a prime number?
True
Is 195513739 prime?
True
Is 5842921 composite?
True
Is 7127623 composite?
False
Is 14979557 a composite number?
True
Is 14759981 prime?
True
Is 66562379 a prime number?
False
Is 220204097 a composite number?
False
Is 27503449 prime?
False
Is 135062971 a prime number?
False
Is 409572359 a prime number?
False
Is 7784339 prime?
True
Is 187123 prime?
True
Is 65329757 prime?
False
Is 4754461 prime?
False
Is 4179839 composite?
False
Is 170191451 composite?
True
Is 31383949 a composite number?
True
Is 95103215 composite?
True
Is 3203957 composite?
False
Is 627469 prime?
False
Is 1940219 a prime number?
True
Is 2825857 a composite number?
False
Is 96522449 prime?
True
Is 20716901 a composite number?
True
Is 453107 a composite number?
False
Is 16693057 a prime number?
False
Is 343250491 a prime number?
True
Is 17341 a prime number?
True
Is 76181 a prime number?
False
Is 2456003 a prime number?
False
Is 157637861 composite?
True
Is 283472843 a composite number?
False
Is 4369597 a composite number?
True
Is 81210881 a composite number?
False
Is 12995049 a prime number?
False
Is 4555997 a composite number?
False
Is 474857167 composite?
False
Is 3409699 prime?
True
Is 398867647 composite?
False
Is 144067445 composite?
True
Is 110605283 composite?
False
Is 689245597 a composite number?
False
Is 30701057 a prime number?
True
Is 77395243 composite?
False
Is 168844619 a prime number?
True
Is 35688613 prime?
True
Is 26481361 a composite number?
False
Is 19546727 a composite number?
False
Is 23991215 a composite number?
True
Is 337953743 prime?
False
Is 1360481 prime?
False
Is 432781 a prime number?
True
Is 2111633 prime?
True
Is 27047911 composite?
True
Is 139698683 prime?
True
Is 1049575589 a prime number?
False
Is 1056773 prime?
True
Is 11288593 composite?
True
Is 2104439 a composite number?
True
Is 5856149 prime?
False
Is 29344309 a composite number?
True
Is 13589353 composite?
False
Is 410666551 a prime number?
False
Is 375833 a composite number?
False
Is 2769001 prime?
True
Is 1535605 composite?
True
Is 2614301 composite?
False
Is 16644829 prime?
True
Is 78551521 a prime number?
False
Is 422789 a composite number?
False
Is 1233839 composite?
True
Is 34124131 a prime number?
True
Is 43661333 composite?
False
Is 1230829 composite?
False
Is 755823623 a composite number?
True
Is 640709 a prime number?
False
Is 4240435 prime?
False
Is 33967 prime?
True
Is 168463079 prime?
True
Is 214130663 a composite number?
False
Is 48156649 a composite number?
True
Is 8972819 prime?
False
Is 241619633 prime?
False
Is 15037339 a composite number?
False
Is 1270647653 composite?
True
Is 324857993 prime?
False
Is 192066874 prime?
False
Is 88874471 a composite number?
True
Is 3743651 prime?
True
Is 925966393 composite?
True
Is 140546423 composite?
False
Is 4878583 composite?
True
Is 189906433 prime?
False
Is 39690451 prime?
True
Is 53552801 prime?
False
Is 198111 a prime number?
False
Is 12700249 composite?
False
Is 6460801 composite?
False
Is 157265291 a prime number?
True
Is 314856518 prime?
False
Is 7359713 composite?
False
Is 8112277 composite?
False
Is 10328482 a composite number?
True
Is 32393327 prime?
False
Is 276007 a prime number?
True
Is 3295301 a prime number?
False
Is 3395123 a composite number?
False
Is 6970517 prime?
False
Is 1324331 a composite number?
True
Is 558697 composite?
True
Is 123643259 a composite number?
True
Is 16437637 composite?
False
Is 12942959 a composite number?
False
Is 52630103 a composite number?
True
Is 60493 a composite number?
False
Is 4951273 prime?
False
Is 1600603 composite?
False
Is 1005883 a prime number?
True
Is 1324462747 prime?
True
Is 8525251 prime?
False
Is 50978611 composite?
False
Is 679639 prime?
True
Is 65941539 prime?
False
Is 23554417 a composite number?
False
Is 2899159 composite?
True
Is 6609139 a prime number?
True
Is 2834906 prime?
False
Is 520735 a prime number?
False
Is 82241219 prime?
True
Is 20257345 composite?
True
Is 687091793 a composite number?
True
Is 68271937 a prime number?
True
Is 628217297 a composite number?
False
Is 7484479 prime?
False
Is 6272801 a composite number?
False
Is 15009557 a composite number?
False
Is 186032293 a prime number?
False
Is 88405477 composite?
False
Is 578699 prime?
False
Is 41367679 prime?
True
Is 282872339 a composite number?
True
Is 53877821 a composite number?
True
Is 3397651 composite?
True
Is 77177273 composite?
True
Is 69454001 prime?
False
Is 108389107 composite?
False
Is 97293917 prime?
False
Is 36298021 composite?
False
Is 109170661 a prime number?
False
Is 216905487 a composite number?
True
Is 3534199 composite?
True
Is 11617403 a composite number?
True
Is 44311573 prime?
True
Is 2358763 a prime number?
False
Is 599369 a composite number?
True
Is 122306759 composite?
False
Is 4666859 a prime number?
False
Is 1034813 prime?
False
Is 85861214 composite?
True
Is 931487 prime?
True
Is 2736571 composite?
False
Is 2493479 a composite number?
False
Is 22292099 composite?
False
Is 6799277 a composite number?
True
Is 1019594993 a composite number?
False
Is 45657355 a prime number?
False
Is 117784949 composite?
True
Is 873883 a prime number?
False
Is 401689 a composite number?
False
Is 3330697 a prime number?
True
Is 203381 composite?
False
Is 4880741 a prime number?
True
Is 478909 a prime number?
False
Is 85386853 a prime number?
False
Is 75356707 composite?
False
Is 6821933 prime?
True
Is 87350171 a composite number?
True
Is 4219549 composite?
False
Is 666833 a prime number?
False
Is 28787771 a prime number?
True
Is 8592889 a composite number?
False
Is 5568709 prime?
True
Is 48686251 prime?
True
Is 9558397 composite?
False
Is 1013501 prime?
True
Is 5858837 prime?
False
Is 8678541 a prime number?
False
Is 63906379 prime?
False
Is 918053 prime?
False
Is 3944821 prime?
True
Is 3872939 prime?
False
Is 78743771 a composite number?
True
Is 252573677 a composite number?
False
Is 117629165 prime?
False
Is 155564803 a composite number?
False
Is 19214291 composite?
False
Is 120016927 a composite number?
False
Is 1262180615 a prime number?
False
Is 88831007 prime?
True
Is 21339023 prime?
True
Is 285023 a prime number?
True
Is 21547469 composite?
False
Is 886062301 composite?
False
Is 350552627 prime?
False
Is 473967161 composite?
False
Is 2545553 prime?
True
Is 64837 a composite number?
True
Is 959433 a prime number?
False
Is 4221977 prime?
True
Is 2928643 a prime number?
False
Is 1483231 composite?
False
Is 46075987 a composite number?
True
Is 3574603 a prime number?
False
Is 271622623 composite?
True
Is 37908787 a prime number?
False
Is 5732411 a composite number?
True
Is 18741031 composite?
True
Is 2304179 composite?
False
Is 11359577 prime?
True
Is 2139029 prime?
False
Is 18125531 a prime number?
True
Is 28366729 composite?
True
Is 3707611 composite?
False
Is 19372817 composite?
False
Is 2399673 composite?
True
Is 6311846 composite?
True
Is 148331 prime?
True
Is 358968799 a prime number?
False
Is 27157463 a composite number?
False
Is 1216009 prime?
True
Is 133067 composite?
True
Is 88582789 composite?
False
Is 7477961 a prime number?
True
Is 21331553 prime?
False
Is 200276777 a prime number?
False
Is 1321549 composite?
False
Is 54637867 a composite number?
True
Is 28697609 composite?
False
Is 9903493 prime?
True
Is 322867739 prime?
True
Is 57802373 prime?
False
Is 1457369 prime?
False
Is 51347207 composite?
False
Is 9302989 a composite number?
True
Is 8456809 a composite number?
False
Is 37403909 a composite number?
False
Is 19350523 composite?
False
Is 30582449 prime?
True
Is 868003 prime?
False
Is 72275629 a prime number?
True
Is 1926517 a prime number?
False
Is 18034217 a composite number?
False
Is 5251529 a prime number?
True
Is 173650889 a composite number?
False
Is 2619871 prime?
True
Is 8875561 a prime number?
False
Is 38365469 prime?
True
Is 361159 composite?
False
Is 80713538 a composite number?
True
Is 544471 a prime number?
True
Is 70992413 a composite number?
False
Is 4993493 a composite number?
True
Is 22662473 composite?
False
Is 158241 prime?
False
Is 1875859 prime?
True
Is 64354583 prime?
False
Is 299